Let v(n) = -23*n**2 - 5*n - 1. Determine v(-1).
-19
Let o(j) = -j**2 + 6*j + 7. Determine o(10).
-33
Let c(s) = -s**3 + 7*s**2 + s - 6. What is c(7)?
1
Let a(x) = -22*x + 335. Give a(15).
5
Let l(o) = o**2 - 4*o - 9. Calculate l(5).
-4
Let w(u) = -u**3 + 11*u**2 - 29*u - 11. Give w(6).
-5
Let l(q) = q**2 - 2*q - 24. Give l(-4).
0
Let o(q) = q**3 - 10*q**2 + q - 9. What is o(11)?
123
Let d(j) = j**3 - 26*j**2 + j - 55. Determine d(26).
-29
Let l(n) = -2*n**3 - 16*n**2 + 13*n - 35. Determine l(-9).
10
Let m(v) = v**3 + 7*v**2. Determine m(-7).
0
Let t(g) = -12*g**3 + g**2 + 2*g + 1. Give t(-1).
12
Let x(c) = -c**2 + 9*c + 48. What is x(13)?
-4
Let p(q) = q**3 - 6*q**2 + q + 6. Give p(6).
12
Let r(m) = m**3 - 4*m**2 - 16*m + 21. Determine r(6).
-3
Let v(t) = t + 54. Give v(9).
63
Let r(z) = -5*z - 100. Determine r(-20).
0
Let w(t) = -2*t**3 - 12*t**2 + 2*t + 5. Calculate w(-6).
-7
Let r(z) = z**2 - 9*z - 7. Determine r(9).
-7
Let o(r) = -r**3 + 2*r**2 + r + 3. Determine o(3).
-3
Let r(b) = -b**3 - 11*b**2 + b + 15. Give r(-11).
4
Let f(s) = -s**2 - 4*s - 1. Determine f(-1).
2
Let m(f) = f + 2. Determine m(6).
8
Let w(c) = -6*c**3 + c**2 - 3*c + 3. Determine w(1).
-5
Let w(q) = 10*q + 162. Determine w(-14).
22
Let n(t) = t**2 - 6*t + 20. What is n(5)?
15
Let n(i) = 2*i**2 + 37*i - 23. Calculate n(-19).
-4
Let d(c) = -c**3 + 3*c + 2. What is d(4)?
-50
Let d(f) = -2*f**2 - 7*f - 11. What is d(-3)?
-8
Let w(m) = m**3 - 14*m**2 + 28*m + 2. Calculate w(12).
50
Let r(d) = 6*d - 60. Calculate r(12).
12
Let s(l) = 106*l + 849. Calculate s(-8).
1
Let x(b) = 2*b**3 + 5*b**2 + 3*b + 4. What is x(-3)?
-14
Let b(o) = 9*o - 28. Determine b(5).
17
Let z(n) = 22*n - 1. What is z(2)?
43
Let s(z) = -z**3 - 13*z**2 - 21*z + 11. Give s(-11).
0
Let f(n) = -3*n**2 + 3. Calculate f(-4).
-45
Let z(x) = 7*x - 7. Calculate z(3).
14
Let i(g) = g - 7. Give i(-9).
-16
Let g(i) = -6*i + 22. Determine g(5).
-8
Let a(c) = c + 1. Calculate a(0).
1
Let w(o) = -o**2 + 9*o + 38. Calculate w(-3).
2
Let a(f) = f**3 - 5*f**2 - 2*f + 1. What is a(4)?
-23
Let k(q) = 2*q**3 - q - 2. Give k(2).
12
Let o(s) = 58*s + 2. Calculate o(1).
60
Let b(p) = -p**3 - p**2 + 6*p + 5. Give b(-3).
5
Let p(c) = -2*c + 22. Determine p(-8).
38
Let z(y) = 2*y**2 - 22*y + 39. Calculate z(2).
3
Let z(i) = -i**2 - 8*i + 79. Give z(-14).
-5
Let y(w) = w**3 - 13*w**2 + 24*w - 15. Calculate y(11).
7
Let p(l) = 4*l - 44. Give p(13).
8
Let c(w) = -26*w + 26. Determine c(-6).
182
Let l(n) = -n**3 + n**2 + 16*n - 11. Determine l(6).
-95
Let q(h) = h**3 - 6*h**2 - 7*h + 7. What is q(7)?
7
Let p(j) = -7*j**3 + 28*j**2 - j - 1. Calculate p(4).
-5
Let a(h) = -4*h + 10. Give a(3).
-2
Let z(a) = -5*a + 11. What is z(5)?
-14
Let m(p) = p**3 - 10*p**2 + 6*p - 1. Give m(10).
59
Let x(v) = 2*v - 21. Determine x(12).
3
Let y(i) = -4*i + 15. Calculate y(6).
-9
Let j(a) = 5*a - 15. Determine j(3).
0
Let p(u) = 5*u**2 - u - 1. What is p(2)?
17
Let x(c) = c**2 - 16*c - 9. Give x(17).
8
Let z(d) = 12*d + 2. Give z(0).
2
Let p(m) = -m**3 + 10*m**2 - 28*m + 6. Calculate p(4).
-10
Let l(c) = c**2 + 3*c - 7. What is l(-3)?
-7
Let r(w) = 3*w - 28. Give r(0).
-28
Let i(c) = 4*c + 11. Give i(-9).
-25
Let f(v) = 29*v + 5. What is f(-4)?
-111
Let f(k) = -4*k - 2. Give f(2).
-10
Let q(c) = c**3 - 2*c**2 - 6*c + 8. Calculate q(3).
-1
Let q(o) = -o**3 - 8*o**2 + 11*o + 15. Give q(-9).
-3
Let q(p) = -6*p + 315. Calculate q(53).
-3
Let o(p) = 2*p**2 - 22*p - 28. Determine o(14).
56
Let n(m) = 2*m**2 - 41*m - 23. Calculate n(21).
-2
Let u(v) = -7*v + 60. Calculate u(8).
4
Let j(r) = r**3 - 6*r**2 - 4*r - 3. Calculate j(7).
18
Let y(f) = -3*f**2 - 2*f + 2. Give y(-2).
-6
Let j(k) = 2*k + 11. Give j(8).
27
Let v(q) = -q. Give v(-9).
9
Let h(f) = 22*f**2 - 1. What is h(-1)?
21
Let b(u) = -u**2 + 27*u - 146. What is b(19)?
6
Let u(y) = -11*y + 128. Calculate u(11).
7
Let w(f) = -f**2 - 19*f - 37. Calculate w(-17).
-3
Let t(h) = 4*h**2 - 151*h - 48. What is t(38)?
-10
Let y(g) = -g**3 + g**2 + 3*g + 2. Calculate y(0).
2
Let m(o) = -9*o. What is m(-6)?
54
Let k(r) = -4*r + 18. Give k(-13).
70
Let o(h) = -5*h + 54. Determine o(9).
9
Let o(f) = 79*f + 460. Give o(-6).
-14
Let i(h) = -h**2 - 8*h - 19. Give i(-6).
-7
Let q(a) = -a - 11. Determine q(-13).
2
Let o(z) = -z**2 + 11*z - 16. Give o(7).
12
Let v(i) = 54*i - 276. Give v(5).
-6
Let a(q) = q**2 - 23*q + 6. What is a(23)?
6
Let h(z) = z - 13. Give h(10).
-3
Let b(x) = -11*x - 57. What is b(-4)?
-13
Let o(u) = u**2 - 6*u + 17. Determine o(4).
9
Let r(i) = -i**3 - 2*i**2 + 47*i + 2. What is r(6)?
-4
Let j(h) = h**2 - 2*h + 6. Calculate j(5).
21
Let n(s) = -34*s**3 - s**2 + 6*s + 7. Calculate n(-1).
34
Let q(n) = -7*n**2 + 6*n - 6. What is q(3)?
-51
Let f(o) = -o**2 - 9*o + 7. What is f(-9)?
7
Let n(k) = 2*k**3 + 33*k**2 - 20*k - 45. What is n(-17)?
6
Let d(x) = 2*x**3 - 3*x**2 + 3*x. Determine d(2).
10
Let a(f) = -f**3 - 24*f**2 - 20*f + 54. Determine a(-23).
-15
Let y(k) = -k**3 - 8*k**2 + 26*k + 219. What is y(-8)?
11
Let f(i) = i**3 - 2*i**2 + 3. Determine f(-3).
-42
Let w(u) = u**2 - 9*u + 57. What is w(5)?
37
Let u(z) = -z**3 - 8*z**2 - 3*z + 3. Calculate u(-7).
-25
Let s(z) = z**2 + 5*z - 154. Determine s(-15).
-4
Let g(t) = t**3 + 5*t**2 + 5*t + 2. Determine g(-5).
-23
Let t(f) = -f**2 + 13*f - 6. Calculate t(12).
6
Let r(s) = s**2 - 12*s - 9. Calculate r(10).
-29
Let s(t) = 3*t**3 - 33*t**2 + 30*t + 8. Give s(10).
8
Let w(v) = 3*v - 4. What is w(7)?
17
Let i(d) = 6*d**2 + 61*d + 17. Determine i(-10).
7
Let l(r) = -3*r + 1. Determine l(0).
1
Let a(k) = -k**3 - 16*k**2 - 15*k - 5. Give a(-15).
-5
Let b(p) = p - 12. Calculate b(7).
-5
Let m(f) = -13*f - 21. What is m(-3)?
18
Let t(k) = 3*k**2 - 5*k + 5. Calculate t(2).
7
Let m(n) = -7*n + 14. Give m(8).
-42
Let d(u) = u**3 - 25*u**2 - 30*u + 106. Give d(26).
2
Let k(w) = 5*w**2 - 1. Calculate k(1).
4
Let y(d) = d**2 - 21*d + 23. Give y(19).
-15
Let f(q) = q**2 - 2*q - 7. Give f(6).
17
Let h(z) = 2*z**2 + 112*z + 211. What is h(-54)?
-5
Let f(v) = -v**2 - 12*v - 32. Calculate f(-3).
-5
Let d(b) = -2*b**3 - 3*b**2 + 11*b - 8. Calculate d(3).
-56
Let u(x) = -x**2 + 5*x - 7. Give u(3).
-1
Let h(b) = -13*b + 55. Give h(4).
3
Let i(m) = -m**3 + 5*m**2 + 86*m + 8. Calculate i(-7).
-6
Let o(i) = -i**3 - 14*i**2 - 14*i - 1. Determine o(-13).
12
Let n(i) = 28*i + 564. Calculate n(-20).
4
Let q(o) = 2*o**3 - 6*o**2 - 4*o - 11. Determine q(4).
5
Let s(v) = v**2 + 7*v - 20. Calculate s(-10).
10
Let s(z) = 4*z - 7. Calculate s(2).
1
Let f(t) = -2*t**2 - 12*t - 9. Calculate f(-5).
1
Let k(h) = -h**3 + 18*h**2 - 63*h - 12. Calculate k(13).
14
Let i(a) = -a**2 + 2*a - 15. Give i(6).
-39
Let p(f) = f**3 + 57*f**2 - 119*f - 64. What is p(-59)?
-5
Let o(k) = -2*k**2 - 25*k - 15. Determine o(-13).
-28
Let v(t) = t + 25. What is v(-8)?
17
Let x(u) = -u**2 + 21*u + 20. Give x(17).
88
Let x(h) = 6*h - 10. What is x(-3)?
-28
Let r(v) = -4*v + 14. Determine r(4).
-2
Let q(p) = -2*p**2 + 2. Give q(3).
-16
Let j(a) = -a**2 - 19*a + 8. Calculate j(-14).
78
Let y(d) = 13*d. Give y(1).
13
Let r(q) = 2*q**2 - 5*q - 7. Give r(3).
-4
Let v(c) = -c + 8. Determine v(5).
3
Let x(s) = -39*s**3 + s**2 + s - 2. Give x(1).
-39
Let l(n) = -n**2 - 2*n + 6. What is l(-5)?
-9
Let c(h) = -51*h - 61. Calculate c(-1).
-10
Let q(a) = 17*a + 21. What is q(-1)?
4
Let k(i) = 2*i**2 + 11*i - 65. Calculate k(-9).
-2
Let d(o) = -8*o + 67. What is d(9)?
-5
Let q(y) = -13*y - 36. Determine q(-3).
3
Let x(a) = -a**3 + 20*a**2 - a + 17. Determine x(20).
-3
Let p(j) = 16*j - 597. Determine p(37).
-5
Let k(d) = -17*d + 187. Determine k(11).
0
Let b(i) = 19*i - 128. Give b(7).
5
Let i(d) = d**2 + 7*d - 8. Calculate i(-8).
0
Let c(m) = -2*m**3 + 8*m**2 - 2*m - 7. Calculate c(5).
-67
Let m(u) = -u**2 - 19*u - 10. Calculate m(-18).
8
Let z(i) = -i**3 - 15*i**2 - 16*i + 21. Calculate z(-14).
49
Let r(y) = y - 19. Determine r(15).
-4
Let b(n) = -46*n + 817. Give b(18).
-11
Let s(q) = 3*q**3 - 4*q**2 + q - 10. What is s(4)?
122
Let b(o) = -o**3 + 14*o**2 - 13*o - 17. Calculate b(13).
-17
Let v(f) = 3*f**2 + 73*f + 24. Give v(-24).
0
Let d(p) = p + 21. Give d(-11).
10
Let h(g) = -g**3 - 19*g**2 + 24*g + 66. What is h(-20)?
-14
Let k(x) = -4*x + 3. What is k(2)?
-5
Let x(o) = -o**2 - 2*o + 3. Calculate x(3).
-12
